{"id":36,"date":"2021-11-20T15:19:02","date_gmt":"2021-11-20T15:19:02","guid":{"rendered":"https:\/\/fundacioncolmenar.org\/?page_id=36"},"modified":"2021-11-20T19:59:33","modified_gmt":"2021-11-20T19:59:33","slug":"novedades","status":"publish","type":"page","link":"https:\/\/fundacioncolmenar.org\/index.php\/acerca-de\/novedades\/","title":{"rendered":"Novedades"},"content":{"rendered":"\n<p>Conmovidos y con profunda gratitud queremos hacerles llegar este mensaje a todos los que con tanto amor y delicadeza nos est\u00e1n acompa\u00f1ando en estos momentos. Es muy reconfortante sentir este abrazo, esta envoltura de cari\u00f1o, y de tener en conciencia a Miguel . Se agradece cada gesto de inter\u00e9s y colaboraci\u00f3n. <\/p>\n\n\n\n<p>Dada la cantidad de gente que se comunica a trav\u00e9s de llamados, mensajes y audios que nos llegan, y la imposibilidad de responder personalmente a cada uno, es que se nos ocurri\u00f3 hacer esta din\u00e1mica de comunicaci\u00f3n: Aqu\u00ed encontrar\u00e1n noticias del estado de Miguel cuando haya algo realmente relevante para contarles, as\u00ed de esta forma podemos dedicarnos a su cuidado, y desconectar el WiFi la mayor parte del d\u00eda. Sabemos que podr\u00e1n entender que estamos acompa\u00f1ando un proceso delicado y lento. Comprendemos la preocupaci\u00f3n y les pedimos paciencia, se ir\u00e1n comunicando las novedades y cambios significativos. <\/p>\n\n\n\n<p>Se siente el calor y el amor de todos Uds de una manera incre\u00edble!<\/p>\n\n\n\n<p>Muchas Gracias!<\/p>\n\n\n<ul class=\"wp-block-latest-posts__list wp-block-latest-posts\"><li><a href=\"https:\/\/fundacioncolmenar.org\/index.php\/2021\/11\/24\/novedades-al-24-11-2021\/\">Novedades al 24.11.2021<\/a><\/li>\n<li><a href=\"https:\/\/fundacioncolmenar.org\/index.php\/2021\/11\/20\/acompanamiento\/\">Acompa\u00f1amiento<\/a><\/li>\n<\/ul>\n\n\n<p><\/p>\n","protected":false},"excerpt":{"rendered":"<p>Conmovidos y con profunda gratitud queremos hacerles llegar este mensaje a todos los que con tanto amor y delicadeza nos est\u00e1n acompa\u00f1ando en estos momentos. Es muy reconfortante sentir este abrazo, esta envoltura de cari\u00f1o, y de tener en conciencia a Miguel . Se agradece cada gesto de inter\u00e9s y colaboraci\u00f3n. Dada la cantidad de [&hellip;]<\/p>\n","protected":false},"author":1,"featured_media":0,"parent":8,"menu_order":0,"comment_status":"closed","ping_status":"closed","template":"","meta":[],"_links":{"self":[{"href":"https:\/\/fundacioncolmenar.org\/index.php\/wp-json\/wp\/v2\/pages\/36"}],"collection":[{"href":"https:\/\/fundacioncolmenar.org\/index.php\/wp-json\/wp\/v2\/pages"}],"about":[{"href":"https:\/\/fundacioncolmenar.org\/index.php\/wp-json\/wp\/v2\/types\/page"}],"author":[{"embeddable":true,"href":"https:\/\/fundacioncolmenar.org\/index.php\/wp-json\/wp\/v2\/users\/1"}],"replies":[{"embeddable":true,"href":"https:\/\/fundacioncolmenar.org\/index.php\/wp-json\/wp\/v2\/comments?post=36"}],"version-history":[{"count":5,"href":"https:\/\/fundacioncolmenar.org\/index.php\/wp-json\/wp\/v2\/pages\/36\/revisions"}],"predecessor-version":[{"id":51,"href":"https:\/\/fundacioncolmenar.org\/index.php\/wp-json\/wp\/v2\/pages\/36\/revisions\/51"}],"up":[{"embeddable":true,"href":"https:\/\/fundacioncolmenar.org\/index.php\/wp-json\/wp\/v2\/pages\/8"}],"wp:attachment":[{"href":"https:\/\/fundacioncolmenar.org\/index.php\/wp-json\/wp\/v2\/media?parent=36"}],"curies":[{"name":"wp","href":"https:\/\/api.w.org\/{rel}","templated":true}]}}

<p>Conmovidos y con profunda gratitud queremos hacerles llegar este mensaje a todos los que con tanto amor y delicadeza nos están acompañando en estos momentos. Es muy reconfortante sentir este abrazo, esta envoltura de cariño, y de tener en conciencia a Miguel . Se agradece cada gesto de interés y colaboración. </p>



<p>Dada la cantidad de gente que se comunica a través de llamados, mensajes y audios que nos llegan, y la imposibilidad de responder personalmente a cada uno, es que se nos ocurrió hacer esta dinámica de comunicación: Aquí encontrarán noticias del estado de Miguel cuando haya algo realmente relevante para contarles, así de esta forma podemos dedicarnos a su cuidado, y desconectar el WiFi la mayor parte del día. Sabemos que podrán entender que estamos acompañando un proceso delicado y lento. Comprendemos la preocupación y les pedimos paciencia, se irán comunicando las novedades y cambios significativos. </p>



<p>Se siente el calor y el amor de todos Uds de una manera increíble!</p>



<p>Muchas Gracias!</p>


<ul class="wp-block-latest-posts__list wp-block-latest-posts"><li><a href="https://fundacioncolmenar.org/index.php/2021/11/24/novedades-al-24-11-2021/">Novedades al 24.11.2021</a></li>
<li><a href="https://fundacioncolmenar.org/index.php/2021/11/20/acompanamiento/">Acompañamiento</a></li>
</ul>


<p></p>

<p>Conmovidos y con profunda gratitud queremos hacerles llegar este mensaje a todos los que con tanto amor y delicadeza nos están acompañando en estos momentos. Es muy reconfortante sentir este abrazo, esta envoltura de cariño, y de tener en conciencia a Miguel . Se agradece cada gesto de interés y colaboración. Dada la cantidad de [&hellip;]</p>
